2.
1774
What is the remainder when 1134305 is divided by 10?
5
What is the remainder when 69791 is divided by 22777?
1460
What is the remainder when 785029 is divided by 31400?
29
What is the remainder when 92629 is divided by 18345?
904
What is the remainder when 595875 is divided by 99309?
21
What is the remainder when 4524179 is divided by 808?
187
Calculate the remainder when 241623 is divided by 40198.
435
What is the remainder when 1687874 is divided by 3622?
22
What is the remainder when 750171 is divided by 148491?
7716
Calculate the remainder when 27314 is divided by 8298.
2420
What is the remainder when 74576699 is divided by 4050?
4049
Calculate the remainder when 34862 is divided by 1995.
947
Calculate the remainder when 409199 is divided by 3354.
11
Calculate the remainder when 5489649 is divided by 1097886.
219
Calculate the remainder when 1780803 is divided by 2339.
824
Calculate the remainder when 260539 is divided by 309.
52
What is the remainder when 14577840 is divided by 887?
882
Calculate the remainder when 14392 is divided by 12423.
1969
Calculate the remainder when 6439865 is divided by 6578.
3
What is the remainder when 1471628 is divided by 3383?
23
What is the remainder when 14559 is divided by 810?
789
What is the remainder when 5080132 is divided by 3092?
3068
What is the remainder when 36578899 is divided by 11?
5
Calculate the remainder when 112009215 is divided by 7.
3
Calculate the remainder when 81439 is divided by 2172.
1075
Calculate the remainder when 81224 is divided by 358.
316
Calculate the remainder when 5518 is divided by 1839.
1
What is the remainder when 26646301 is divided by 4683?
31
Calculate the remainder when 2448456 is divided by 1224223.
10
Calculate the remainder when 2577108 is divided by 859016.
60
Calculate the remainder when 46798 is divided by 89.
73
What is the remainder when 304674942 is divided by 6268?
6266
Calculate the remainder when 2673291 is divided by 43117.
37
Calculate the remainder when 8295873 is divided by 51209.
15
What is the remainder when 21629369 is divided by 762?
761
What is the remainder when 388181 is divided by 29842?
235
Calculate the remainder when 3238537 is divided by 283.
168
Calculate the remainder when 258732 is divided by 3404.
28
What is the remainder when 1156636 is divided by 1477?
145
What is the remainder when 335767 is divided by 20?
7
Calculate the remainder when 630465 is divided by 811.
318
Calculate the remainder when 4103354 is divided by 41.
33
What is the remainder when 26933534 is divided by 87?
74
Calculate the remainder when 25592264 is divided by 241.
233
Calculate the remainder when 174018 is divided by 510.
108
What is the remainder when 90280311 is divided by 1018?
1017
What is the remainder when 2990380 is divided by 747566?
116
What is the remainder when 341696 is divided by 48801?
89
Calculate the remainder when 3341543 is divided by 1245.
1208
What is the remainder when 1837440 is divided by 545?
245
Calculate the remainder when 488525 is divided by 244243.
39
What is the remainder when 57820 is divided by 28514?
792
What is the remainder when 690153 is divided by 34?
21
What is the remainder when 19765764 is divided by 43?
40
What is the remainder when 4172511 is divided by 2552?
2543
What is the remainder when 1496843 is divided by 157?
5
What is the remainder when 194089 is divided by 808?
169
What is the remainder when 1784837 is divided by 195?
2
Calculate the remainder when 2928826 is divided by 16.
10
What is the remainder when 857223 is divided by 171443?
8
What is the remainder when 345543 is divided by 56?
23
What is the remainder when 17542588 is divided by 2506082?
14
What is the remainder when 488551 is divided by 121791?
1387
What is the remainder when 38759 is divided by 9642?
191
Calculate the remainder when 2949347 is divided by 44.
27
Calculate the remainder when 4477914 is divided by 15657.
12
Calculate the remainder when 27327 is divided by 480.
447
What is the remainder when 376823 is divided by 94201?
19
What is the remainder when 1844640 is divided by 368903?
125
Calculate the remainder when 604013 is divided by 222.
173
What is the remainder when 74928122 is divided by 2583728?
10
What is the remainder when 26622 is divided by 510?
102
Calculate the remainder when 20543976 is divided by 253629.
27
Calculate the remainder when 195514 is divided by 4235.
704
Calculate the remainder when 7572137 is divided by 2523983.
188
Calculate the remainder when 3155977 is divided by 13553.
11681
What is the remainder when 18482075 is divided by 56?
3
Calculate the remainder when 6793482 is divided by 617585.
47
Calculate the remainder when 64441 is divided by 10671.
415
What is the remainder when 36410 is divided by 11057?
3239
Calculate the remainder when 126518077 is divided by 17.
14
Calculate the remainder when 3885195 is divided by 880.
875
What is the remainder when 535444 is divided by 118?
78
What is the remainder when 256151 is divided by 121?
115
What is the remainder when 56002 is divided by 1534?
778
What is the remainder when 1150119 is divided by 166?
71
What is the remainder when 178715 is divided by 1033?
6
What is the remainder when 40832 is divided by 209?
77
Calculate the remainder when 106597 is divided by 2082.
415
What is the remainder when 1369620 is divided by 3947?
11
Calculate the remainder when 1976002 is divided by 68138.
0
What is the remainder when 2778618 is divided by 45?
3
Calculate the remainder when 302181 is divided by 302073.
108
What is the remainder when 80931 is divided by 4760?
11
What is the remainder when 25388217 is divided by 2308014?
63
Calculate the remainder when 20067099 is divided by 2866727.
10
Calculate the remainder when 290849 is divided by 1784.
57
What is the remainder when 237925275 is divided by 9?
6
What is the remainder when 15512785 is divided by 69?
67
Calculate the remainder when 217951 is divided by 8709.
226
Calculate the remainder when 179962 is divided by 1567.
1324
Calculate the remainder when 109277 is divided by 97.
55
What is the remainder when 22637207 is divided by 1254?
1253
Calculate the remainder when 211313541 is divided by 689.
686
Calculate the remainder when 6904196 is divided by 222716.
0
Calculate the remainder when 363350 is divided by 12824.
4278
Calculate the remainder when 2363996 is divided by 606.
596
What is the remainder when 185916947 is divided by 297?
293
What is the remainder when 1056589 is divided by 75458?
177
What is the remainder when 79408954 is divided by 21?
16
Calculate the remainder when 10213841 is divided by 508.
501
What is the remainder when 70107 is divided by 950?
757
Calculate the remainder when 3649277 is divided by 463.
374
Calculate the remainder when 481608 is divided by 563.
243
What is the remainder when 129707854 is divided by 23?
21
Calculate the remainder when 681238 is divided by 681016.
222
What is the remainder when 267246 is divided by 390?
96
What is the remainder when 7918413 is divided by 1510?
1483
Calculate the remainder when 39119776 is divided by 27110.
46
Calculate the remainder when 1122442 is divided by 280488.
490
What is the remainder when 18257638 is divided by 3822?
3766
Calculate the remainder when 111075 is divided by 200.
75
What is the remainder when 1084954 is divided by 160?
154
What is the remainder when 7223832 is divided by 92?
84
Calculate the remainder when 1272353 is divided by 712.
9
What is the remainder when 24237825 is divided by 1864448?
1
What is the remainder when 1622967 is divided by 4948?
23
Calculate the remainder when 524195 is divided by 357.
119
Calculate the remainder when 1145954 is divided by 963.
947
What is the remainder when 6831858 is divided by 759084?
102
What is the remainder when 143968868 is divided by 51?
50
Calculate the remainder when 59452 is divided by 7332.
796
What is the remainder when 4974600 is divided by 2486791?
1018
Calculate the remainder when 26841 is divided by 74.
53
What is the remainder when 31343615 is divided by 36?
35
What is the remainder when 3527714 is divided by 143?
47
What is the remainder when 1002880 is divided by 11017?
333
What is the remainder when 13160078 is divided by 167?
144
What is the remainder when 109924